uppose -820 = -4*g + 5*f, 0*g - 2*g + 4*f + 416 = 0. What is the tens digit of g?
0
Let w = -23 - -19. Let z be 10/((-1)/(2 + -3)). What is the tens digit of 6*(-5)/(z/w)?
1
Suppose k = -k + w + 82, 2*w = 3*k - 125. What is the tens digit of k?
3
Suppose 0 = -4*f - 0*f - 4*h + 100, -3*h = -12. Suppose 0*p = -3*p + f. What is the units digit of p?
7
Suppose 9 = -3*r, 5*r = 5*b - b - 215. Suppose 2*w - 122 = -2*w + a, b = 2*w + 5*a. What is the units digit of w?
0
Suppose 4*z = -z + 15. Suppose 0 = z*c - c - 34. What is the tens digit of c?
1
Let r be (-2 - -1)/(-2 + 1). Let l be ((r - 2) + -1)/(-1). Let v = 0 + l. What is the units digit of v?
2
Suppose -12 = -3*b - 2*q, -9 = -5*b - 3*q + 11. Let u be 0/(1 - (0 - -2)). Suppose p = -u*p + b. What is the units digit of p?
4
Let f be 6/15 + 99/15. Suppose -3*i + f = -l - 0*l, 0 = -2*l + 2*i + 2. What is the units digit of l?
5
Let i(n) = n**3 + 5*n**2 - n - 4. Let a be i(-5). What is the units digit of (1 + a)/(4/20)?
0
Let t(c) = -c**2 - c + 103. What is the units digit of t(0)?
3
What is the units digit of 82/(-1)*(-1)/2?
1
Let x = -6 - -11. Suppose 0 = -0*v - 5*v + x*u + 5, -2*u = 4*v + 20. What is the units digit of (v/(-3) - 21)*-1?
0
Let j = -85 - -220. What is the tens digit of j?
3
Let a(f) = -f**2 - 5*f. Suppose -5*k - 15 - 10 = 0. Let z be a(k). Suppose -4*c + 6 + 6 = z. What is the units digit of c?
3
Let b = 15 - 7. Let d = b - 4. What is the units digit of d?
4
Let u be 220/(-35) - 4/(-14). Let b be 10/(-15)*u/2. Suppose 2*l - 8 + b = 0. What is the units digit of l?
3
Suppose 0 = -5*l - a + 189, 0 = -6*a + 4*a + 8. What is the tens digit of l?
3
Suppose 12 = x - 7. What is the units digit of x?
9
Let p(a) = -17*a - 6. Let v be p(-6). Suppose h - v = -3*h. What is the units digit of h?
4
Let k = -9 + 9. Suppose -2*l = -k*l - 32. What is the tens digit of l?
1
Suppose 18 = -2*w + 5*w. Let o(c) = 3*c - 4*c**3 - c - 3*c + 5*c**3 + 8*c**2 + w. What is the tens digit of o(-8)?
1
Suppose -14*j - 71 = -15*j. Suppose -5*x + 30 = -4*v - j, -5*x + v + 89 = 0. What is the units digit of x?
7
Suppose 0 = -4*o - u + 468, o - 110 = 4*u + 24. What is the hundreds digit of o?
1
Suppose 0*d + d + 8 = 4*s, -5*s - 3*d = -10. Suppose -14 - 34 = -s*j + r, -5*r = -4*j + 102. What is the tens digit of j?
2
Let p(a) = -13 + 7*a - a**2 + 12*a - 3*a - 3*a. What is the units digit of p(11)?
9
Suppose 0 = -0*f + f + 3. What is the tens digit of (-2)/f*21/1?
1
Let z = -21 + 59. Let f = -21 + z. What is the tens digit of f?
1
What is the tens digit of (-1140)/(-16) - 3/12?
7
Let o = -25 - -43. What is the tens digit of o?
1
What is the units digit of 6/(-18)*-1*408?
6
Suppose 4*h + 32 = 8*h. What is the units digit of h?
8
What is the units digit of 132/2 + (-12)/(-4)?
9
Let z = 11 + 4. Suppose m + 0*m = z. What is the tens digit of m?
1
Let p = -183 + 269. What is the tens digit of p?
8
Let l be (-3)/2*(-2)/(-1). Let w = -4 - l. What is the units digit of (-56)/35*(-11 - w)?
6
Suppose m = 4*m. Suppose m*f + 72 = 4*f. What is the units digit of f?
8
Suppose 4*g - 91 = 3*d, 3*d - 41 = -2*g + 6*d. Suppose -g - 19 = 4*o. Let y = o + 21. What is the tens digit of y?
1
Suppose 2*d + 5 = 5*m + 14, -3*d + 4*m = -3. What is the units digit of (-2)/d - (-12)/9?
2
Let u be (1/2)/((-9)/(-216)). Let s = 22 + -3. Let y = s - u. What is the units digit of y?
7
Suppose -2*q - 162 = 5*a, 3*a - 162 = 2*q + 5*a. What is the units digit of q/(-1)*(-5)/(-15)?
7
Let l(z) = -z - 3. Let v be l(-5). Suppose 15 = 7*y - v*y. Suppose -y*m + 5 = -10. What is the units digit of m?
5
Suppose x - 2*z = -7*z + 30, 3*z = 15. Let m(y) be the first derivative of -y**4/4 + 4*y**3/3 + 7*y**2/2 + 2*y - 1. What is the tens digit of m(x)?
1
Suppose 23 = 4*s - 21. What is the units digit of s?
1
Suppose -2 = t - 0, 4*t = -4*h + 8. Let v be (2 - 1) + 4/(-2). Let a = h + v. What is the units digit of a?
3
Suppose 0 = -2*q - q. What is the units digit of 2 + q + (3 - 0)?
5
Suppose 72 = 4*s + 2*s. What is the tens digit of s?
1
Let r = 19 - 34. What is the units digit of (-6)/r - (-356)/10?
6
Let l = 5 + -1. Suppose 0 = -l*x - 2*g - 4, x = -4*x - 4*g - 11. What is the units digit of x?
1
Let g(r) = r**2 + 7*r - 3. Let i be g(-7). Let t = i - -7. Suppose t*p = -l + 47, 5*p + 42 = -3*l + 106. What is the tens digit of p?
1
Let z(i) = 4*i**2 - 3*i + 1. Let v be (2 + 2)/(1 + 1). What is the tens digit of z(v)?
1
Let j(r) = 2*r - 7. Let n be j(5). Suppose -19 = -n*l + 2*l - 4*x, -4*x = 5*l - 31. What is the units digit of l?
3
Let l(c) = -c**3 + 11*c**2 + 13*c - 9. What is the units digit of l(11)?
4
Let l(j) = j**3 - 11*j**2 + 14*j - 7. Let x be l(10). Suppose 3*t = 9, 4*u - x = -u - t. What is the units digit of u?
6
Let h be (-1)/3 + 10/(-6). Let n be 3 + (-1 - -2) + h. Suppose -n*g + 15 = 3. What is the units digit of g?
6
Suppose -19 - 116 = -5*u. Let z be 3/(-4) + u/(-12). Let t(a) = -a**2 - 3*a + 3. What is the units digit of t(z)?
3
Suppose 0 = -0*i + 5*i - 15. Suppose -5*l + 8 = 2*q - 69, 2*l = -i*q + 110. What is the units digit of q?
6
Suppose -2*o + 90 = -8. What is the units digit of o?
9
Suppose 3*o = -2*o + 20. Let i be 2 + (5 + 0)*o. Suppose 0 = -2*d + 4*n + 32, -5*n - i = -3*d + 23. What is the units digit of d?
0
Let t be 235/4 - (-9)/(-12). Let j be 4/(-18) - t/(-18). Suppose 2*o + u = -4*u + 25, -57 = -4*o - j*u. What is the units digit of o?
5
Let y = -89 + 217. Suppose t = 4*c + 27, -5*t + 45 + y = -c. What is the tens digit of t?
3
Let h = -94 - -166. Let l = h + -45. Let f = l - 17. What is the tens digit of f?
1
Let r = -46 + 150. What is the tens digit of r?
0
Suppose -4*k = -2*f + 6*f - 32, 0 = 3*k - 3*f. What is the units digit of k?
4
Suppose -4*n = 4, -n = -4*o - 0*o + 13. Suppose 2*a - 4*p - 60 = -2*a, o*a = 5*p + 49. What is the units digit of a?
3
Suppose -2*t - 3*t + 165 = 0. Suppose -h - 2*h + t = -3*a, -2*h = -4*a - 30. What is the units digit of h?
7
Let q = 37 - -105. What is the tens digit of q?
4
Let w(z) = -34*z - 7. What is the hundreds digit of w(-4)?
1
Let u(x) = -x**2 - 6*x + 16. Let q be u(-6). Let n(b) = b**3 - 5*b**2 - 6*b + 4. Let w be n(6). Let o = q - w. What is the tens digit of o?
1
Suppose 5*q - 6 = 2*q. Suppose -c - 3*a = -4*c, 5*c - 4*a - q = 0. Suppose -c*r - g + 9 = -0*g, r + 4*g = -13. What is the units digit of r?
7
Let w = -74 - -89. What is the tens digit of w?
1
Suppose 0*s = -s + 60. What is the tens digit of s?
6
Let n = 64 - 38. What is the tens digit of n?
2
Let r = 215 - 91. Suppose 0 = -2*h + 2*s + 40, -5*h + 0*s + r = s. What is the tens digit of h?
2
Suppose 26 = 2*p - 20. What is the tens digit of p?
2
Let t(r) = -3*r - 4. Let l(c) = c**3 + 7*c**2 + 7*c. Let n = -19 - -13. Let k be l(n). What is the tens digit of t(k)?
1
Let r(x) = 4*x**2 - 5*x + 0*x - 13*x**2 + 7 - 3 - x**3. What is the tens digit of r(-9)?
4
Let a(k) = -5*k + 4. Let o be a(-4). What is the tens digit of o/2 + -2 + 0?
1
Suppose -6 = 2*b - 4*f + 50, 54 = -2*b + 3*f. Let x = b + 49. What is the units digit of x?
5
Suppose -r - r = -4*f + 14, 4*r + 22 = 5*f. Suppose 0 = -4*d + p - 5*p - 4, -f*p + 4 = -d. Let o = d - -5. What is the units digit of o?
3
Let p be (85/10)/((-2)/(-4)). Suppose 5*r - p - 8 = 0. What is the units digit of r?
5
Let h(q) = -20*q**3 + 2*q**2 + 2*q + 1. Let k = 0 - 1. Let s be h(k). Suppose -4*v = -s - 23. What is the tens digit of v?
1
Let x = 0 + 0. Suppose x*v - 3*v = 3. What is the units digit of (-165)/(-18) + v/6?
9
Suppose -5*x - 240 = -4*c, 2*c - 72 - 48 = -5*x. What is the units digit of c?
0
Let x(p) = -p**2 + 8*p + 2. Let t(u) = -u**3 + 6*u**2 - 5*u + 7. Let j be t(5). What is the units digit of x(j)?
9
Let m = 3 - 1. Let y be (3/m)/(4/184). Suppose 0 = -5*z + 10, -3*w - 2*w - 2*z + y = 0. What is the tens digit of w?
1
Let n = 65 + -24. Let b = n - 25. Suppose 4*t - b - 4 = 0. What is the units digit of t?
5
Let r(i) = -i**2 - 7*i - 7. Let o be r(-4). Suppose 0 = 2*w - o*w + 48. What is the tens digit of w?
1
Suppose 2*d = -2*d + 32. Suppose 2*h + b - d + 2 = 0, -4*b - 1 = 3*h. What is the units digit of h?
5
Suppose 10 = -4*i + 66. Suppose -3*y = -i - 1. What is the units digit of y?
5
Let c = -4 + 10. Let z be (0 + c/(-9))*-90. Let i = z + -43. What is the tens digit of i?
1
Let c(r) = 